 tens digit of 4034?
3
What is the thousands digit of 2497?
2
What is the ten thousands digit of 158948?
5
What is the units digit of 5094?
4
What is the units digit of 134614?
4
What is the tens digit of 17866?
6
What is the hundreds digit of 423?
4
What is the tens digit of 36639?
3
What is the thousands digit of 1715?
1
What is the tens digit of 66500?
0
What is the tens digit of 852?
5
What is the hundreds digit of 144?
1
What is the hundreds digit of 30963?
9
What is the units digit of 172?
2
What is the units digit of 75088?
8
What is the thousands digit of 13173?
3
What is the tens digit of 18608?
0
What is the units digit of 1544?
4
What is the tens digit of 953?
5
What is the thousands digit of 14015?
4
What is the hundreds digit of 4684?
6
What is the units digit of 656?
6
What is the tens digit of 1878?
7
What is the tens digit of 1932?
3
What is the units digit of 952?
2
What is the tens digit of 36?
3
What is the hundreds digit of 125?
1
What is the units digit of 11779?
9
What is the units digit of 931?
1
What is the tens digit of 374?
7
What is the units digit of 12178?
8
What is the tens digit of 360?
6
What is the thousands digit of 31670?
1
What is the hundreds digit of 495?
4
What is the tens digit of 12845?
4
What is the thousands digit of 27284?
7
What is the hundreds digit of 285?
2
What is the hundreds digit of 923?
9
What is the hundreds digit of 2685?
6
What is the units digit of 35491?
1
What is the hundreds digit of 605?
6
What is the hundreds digit of 33885?
8
What is the hundreds digit of 2336?
3
What is the thousands digit of 8982?
8
What is the units digit of 34469?
9
What is the units digit of 10181?
1
What is the tens digit of 17611?
1
What is the tens digit of 4674?
7
What is the ten thousands digit of 10093?
1
What is the thousands digit of 97522?
7
What is the tens digit of 35398?
9
What is the units digit of 1236?
6
What is the tens digit of 88972?
7
What is the hundred thousands digit of 100991?
1
What is the tens digit of 1422?
2
What is the thousands digit of 16777?
6
What is the hundred thousands digit of 130929?
1
What is the hundreds digit of 1744?
7
What is the units digit of 13850?
0
What is the units digit of 2858?
8
What is the hundreds digit of 165?
1
What is the tens digit of 1435?
3
What is the tens digit of 204?
0
What is the hundreds digit of 1297?
2
What is the hundreds digit of 34825?
8
What is the hundreds digit of 164066?
0
What is the thousands digit of 28742?
8
What is the thousands digit of 115435?
5
What is the tens digit of 62088?
8
What is the thousands digit of 2654?
2
What is the hundreds digit of 1296?
2
What is the hundreds digit of 2674?
6
What is the units digit of 19670?
0
What is the units digit of 5867?
7
What is the tens digit of 10268?
6
What is the tens digit of 62343?
4
What is the hundreds digit of 46788?
7
What is the thousands digit of 13914?
3
What is the hundreds digit of 11099?
0
What is the tens digit of 93?
9
What is the thousands digit of 1280?
1
What is the thousands digit of 7794?
7
What is the hundreds digit of 737?
7
What is the tens digit of 41902?
0
What is the units digit of 38660?
0
What is the hundreds digit of 1419?
4
What is the hundreds digit of 10979?
9
What is the hundreds digit of 5836?
8
What is the tens digit of 32107?
0
What is the hundreds digit of 1548?
5
What is the units digit of 19872?
2
What is the tens digit of 10762?
6
What is the tens digit of 7048?
4
What is the units digit of 615?
5
What is the units digit of 51290?
0
What is the units digit of 4361?
1
What is the hundreds digit of 18607?
6
What is the units digit of 2932?
2
What is the thousands digit of 28240?
8
What is the tens digit of 165953?
5
What is the hundreds digit of 1410?
4
What is the units digit of 1602?
2
What is the tens digit of 56?
5
What is the hundreds digit of 15802?
8
What is the ten thousands digit of 143622?
4
What is the ten thousands digit of 14398?
1
What is the thousands digit of 81599?
1
What is the tens digit of 1166?
6
What is the hundreds digit of 10089?
0
What is the hundreds digit of 20337?
3
What is the hundreds digit of 2992?
9
What is the hundreds digit of 2314?
3
What is the thousands digit of 32585?
2
What is the tens digit of 1883?
8
What is the tens digit of 5492?
9
What is the ten thousands digit of 14780?
1
What is the thousands digit of 1232?
1
What is the thousands digit of 2158?
2
What is the hundreds digit of 15445?
4
What is the thousands digit of 8078?
8
What is the hundreds digit of 25403?
4
What is the thousands digit of 54569?
4
What is the thousands digit of 1969?
1
What is the thousands digit of 9377?
9
What is the units digit of 321?
1
What is the units digit of 26753?
3
What is the ten thousands digit of 41795?
4
What is the units digit of 728?
8
What is the tens digit of 1030?
3
What is the ten thousands digit of 88308?
8
What is the tens digit of 3831?
3
What is the ten thousands digit of 44184?
4
What is the tens digit of 33724?
2
What is the hundreds digit of 4803?
8
What is the units digit of 5964?
4
What is the hundreds digit of 3472?
4
What is the hundreds digit of 41352?
3
What is the units digit of 933?
3
What is the thousands digit of 25845?
5
What is the ten thousands digit of 23702?
2
What is the ten thousands digit of 40515?
4
What is the hundreds digit of 563?
5
What is the ten thousands digit of 18859?
1
What is the thousands digit of 33014?
3
What is the thousands digit of 8403?
8
What is the tens digit of 3814?
1
What is the units digit of 774?
4
What is the hundreds digit of 15060?
0
What is the tens digit of 20037?
3
What is the thousands digit of 25794?
5
What is the thousands digit of 135904?
5
What is the ten thousands digit of 32324?
3
What is the units digit of 918?
8
What is the tens digit of 649?
4
What is the hundreds digit of 2146?
1
What is the thousands digit of 40547?
0
What is the hundreds digit of 91473?
4
What is the units digit of 47458?
8
What is the hundreds digit of 4010?
0
What is the units digit of 1364?
4
What is the hundreds digit of 5128?
1
What is the tens digit of 1200?
0
What is the hundreds digit of 438?
4
What is the tens digit of 1358?
5
What is the hundreds digit of 900?
9
What is the thousands digit of 2712?
2
What is the thousands digit of 1508?
1
What is the tens digit of 13666?
6
What is the tens digit of 1014?
1
What is the units digit of 12761?
1
What is the thousands digit of 2470?
2
What is the thousands digit of 32619?
2
What is the units digit of 4837?
7
What is the tens digit of 7940?
4
What is the units digit of 14781?
1
What is the tens digit of 1589?
8
What is the units digit of 243?
3
What is the units digit of 4126?
6
What is the tens digit of 39181?
8
What is the hundreds digit of 834?
8
What is the tens digit of 44?
4
What is the hundreds digit of 1915?
9
What is the tens digit of 569?
6
What is the thousands digit of 25309?
5
What is the tens digit of 890?
9
What is the thousands digit of 26829?
6
What is the hundreds digit of 4781?
7
What is the tens digit of 17125?
2
What is the tens digit of 47092?
9
What is the tens digit of 189707?
0
What is the units digit of 67?
7
What is the tens digit of 10485?
8
What is the ten thousands digit of 11994?
1
What is the hundreds digit of 2000?
0
What is the tens digit of 732?
3
What is the thousands digit of 69296?
9
What is the tens digit of 4029?
2
What is the hundreds digit of 128375?
3
What is the hundreds digit of 16863?
8
What is the units digit of 3319?
9
What is the thousands digit of 3348?
3
What is the tens digit of 31602?
0
What is the thousands digit of 1822?
1
What is the hundreds digit of 119537?
5
What is the hundreds digit of 132494?
4
What is the hundreds digit of 1130?
1
What is the tens digit of 1473?
7
What is the ten thousands digit of 152320?
5
What is the thousands digit of 24731?
4
What is the hundreds digit of 31429?
4
What is the thousands digit of 1293?
1
What is the hundreds digit of 6991?
9
What is the tens digit of 100754?
5
What is the tens digit of 31656?
5
What is the hundreds digit of 1327?
3
What is the hundreds digit of 90034?
0
What is the tens digit of 3161?
6
What is the ten thousands digit of 51261?
5
What is the hundreds digit of 2760?
7
What is the hundreds digit of 11727?